 103, 783787
What are the prime factors of 733202525?
5, 11, 163, 1487
What are the prime factors of 503936220?
2, 3, 5, 8398937
What are the prime factors of 162425942?
2, 7, 11601853
List the prime factors of 336880661.
13, 907, 28571
List the prime factors of 6957516.
2, 3, 31, 59, 317
What are the prime factors of 65929165?
5, 241, 54713
What are the prime factors of 546903992?
2, 68362999
What are the prime factors of 342691478?
2, 171345739
What are the prime factors of 172002296?
2, 4021, 5347
List the prime factors of 59698461.
3, 1669, 11923
List the prime factors of 31226050.
2, 5, 624521
What are the prime factors of 5977103435?
5, 29, 41221403
List the prime factors of 49431873.
3, 16477291
What are the prime factors of 55992715?
5, 19, 607, 971
List the prime factors of 1042958230.
2, 5, 23, 211, 21491
What are the prime factors of 494788677?
3, 164929559
List the prime factors of 106214937.
3, 4463, 7933
What are the prime factors of 1529511033?
3, 1973, 258407
List the prime factors of 37380928.
2, 13, 179, 251
What are the prime factors of 168906811?
168906811
What are the prime factors of 96684344?
2, 107, 179, 631
What are the prime factors of 184235827?
271, 679837
What are the prime factors of 3020462466?
2, 3, 7, 71915773
What are the prime factors of 284785229?
284785229
List the prime factors of 5452392399.
3, 19, 29, 3298483
List the prime factors of 1436536885.
5, 7, 41, 61, 16411
List the prime factors of 6476236926.
2, 3, 211, 5115511
List the prime factors of 140208043.
140208043
What are the prime factors of 5840383991?
13, 827, 543241
What are the prime factors of 153430156?
2, 11, 3487049
List the prime factors of 4114988.
2, 1028747
What are the prime factors of 1214700205?
5, 242940041
What are the prime factors of 444471897?
3, 148157299
What are the prime factors of 641214939?
3, 3881, 55073
What are the prime factors of 93766158?
2, 3, 167, 31193
List the prime factors of 1010631761.
1010631761
What are the prime factors of 62450771?
31, 269, 7489
What are the prime factors of 226150688?
2, 7067209
What are the prime factors of 104368667?
13, 8028359
What are the prime factors of 505886768?
2, 31, 59, 293
List the prime factors of 1346343879.
3, 29, 1291, 11987
What are the prime factors of 72678408?
2, 3, 11, 29, 863
What are the prime factors of 326526633?
3, 17, 79043
What are the prime factors of 21601178?
2, 41, 263429
What are the prime factors of 248221298?
2, 13, 41, 232853
List the prime factors of 22982519.
7, 469031
What are the prime factors of 155077283?
31, 83, 60271
List the prime factors of 1182344874.
2, 3, 197057479
List the prime factors of 146603521.
146603521
List the prime factors of 1631446795.
5, 11, 53, 559673
List the prime factors of 44090393.
19, 2320547
What are the prime factors of 427332614?
2, 1201, 177907
List the prime factors of 255464759.
11, 359, 5881
What are the prime factors of 3925188911?
7, 560741273
List the prime factors of 1250022371.
13, 4157, 23131
List the prime factors of 65745500.
2, 5, 23, 5717
What are the prime factors of 312627194?
2, 11, 59, 240853
What are the prime factors of 1558411896?
2, 3, 17, 61, 62617
List the prime factors of 35780050.
2, 5, 251, 2851
List the prime factors of 2944425374.
2, 11, 12167047
List the prime factors of 195276455.
5, 11, 322771
What are the prime factors of 868904277?
3, 289634759
List the prime factors of 2281835438.
2, 17, 19, 3532253
List the prime factors of 3359578723.
3359578723
List the prime factors of 19572379.
23, 850973
List the prime factors of 1327639773.
3, 67, 599, 11027
What are the prime factors of 418736696?
2, 7, 37, 61, 3313
List the prime factors of 290144908.
2, 23, 43, 71, 1033
What are the prime factors of 133991569?
17, 43, 183299
List the prime factors of 871549132.
2, 17, 67, 191297
List the prime factors of 534918536.
2, 66864817
List the prime factors of 1376864919.
3, 3823, 13339
What are the prime factors of 109414987?
11, 9946817
List the prime factors of 2615145624.
2, 3, 7, 13, 399137
List the prime factors of 35669038.
2, 233, 76543
List the prime factors of 3639032621.
7, 37, 59, 238141
What are the prime factors of 579472694?
2, 289736347
What are the prime factors of 26248098?
2, 3, 4374683
What are the prime factors of 583452419?
11, 53041129
List the prime factors of 360079003.
5303, 67901
List the prime factors of 819277841.
89, 149, 61781
What are the prime factors of 781590929?
7, 17, 577, 11383
What are the prime factors of 6358658?
2, 31, 102559
List the prime factors of 5913016763.
4919, 1202077
List the prime factors of 32121555.
3, 5, 2141437
What are the prime factors of 62125949?
62125949
List the prime factors of 21182838.
2, 3, 127, 27799
What are the prime factors of 1636105924?
2, 409026481
List the prime factors of 162061025.
5, 7, 31, 29873
What are the prime factors of 289394684?
2, 433, 167087
List the prime factors of 404066254.
2, 23, 71, 123719
What are the prime factors of 482897954?
2, 7, 11, 17, 139, 1327
List the prime factors of 927467580.
2, 3, 5, 13, 1189061
What are the prime factors of 8750501928?
2, 3, 7, 59, 173
What are the prime factors of 230974360?
2, 5, 71, 167, 487
List the prime factors of 19818232.
2, 7, 353897
What are the prime factors of 1789812915?
3, 5, 11, 53, 204667
What are the prime factors of 3340941024?
2, 3, 101, 587
What are the prime factors of 66096143?
4973, 13291
List the prime factors of 1365875965.
5, 17, 31, 569, 911
List the prime factors of 1747347354.
2, 3, 53, 1831601
What are the prime factors of 288859045?
5, 863, 66943
What are the prime factors of 263465675?
5, 11, 958057
List the prime factors of 631029959.
7, 79, 1141103
What are the prime factors of 4687275075?
3, 5, 7, 29, 61, 103
What are the prime factors of 168396380?
2, 5, 71, 118589
List the prime factors of 65807227.
61, 1078807
List the prime factors of 195686990.
2, 5, 23, 373, 2281
What are the prime factors of 3292770642?
2, 3, 7, 19, 313, 13183
List the prime factors of 90220423.
3089, 29207
What are the prime factors of 3152286?
2, 3, 73, 2399
What are the prime factors of 151386405?
3, 5, 937, 10771
What are the prime factors of 24783466?
2, 23, 538771
What are the prime factors of 4918616?
2, 614827
List the prime factors of 34225320.
2, 3, 5, 73, 3907
List the prime factors of 70614604.
2, 113, 156227
What are the prime factors of 1010158971?
3, 241, 1397177
List the prime factors of 29943112.
2, 1621, 2309
What are the prime factors of 418446673?
409, 613, 1669
What are the prime factors of 4008285471?
3, 1336095157
List the prime factors of 3097253.
47, 65899
What are the prime factors of 267448476?
2, 3, 43, 518311
What are the prime factors of 88497028?
2, 2791, 7927
What are the prime factors of 124310756?
2, 31077689
List the prime factors of 674465719.
83, 8126093
What are the prime factors of 35382946?
2, 2713, 6521
What are the prime factors of 1104667927?
11, 67, 136261
What are the prime factors of 248888947?
79, 101, 31193
What are the prime factors of 1675249847?
25097, 66751
What are the prime factors of 36862122?
2, 3, 11, 211, 2647
What are the prime factors of 579486963?
3, 11, 43, 251, 1627
List the prime factors of 1590835628.
2, 12289, 32363
What are the prime factors of 11152185?
3, 5, 11, 67589
List the prime factors of 26786626.
2, 13393313
List the prime factors of 461933332.
2, 7, 16497619
List the prime factors of 211850037.
3, 7, 97, 34667
What are the prime factors of 1248258?
2, 3, 11, 18913
List the prime factors of 1332679628.
2, 7, 47595701
What are the prime factors of 1839781908?
2, 3, 51105053
List the prime factors of 18247401.
3, 37, 1481
What are the prime factors of 79403771?
5741, 13831
List the prime factors of 28900236.
2, 3, 23, 104711
What are the prime factors of 313143011?
127, 1231, 2003
List the prime factors of 469135560.
2, 3, 5, 3909463
What are the prime factors of 72869867?
7, 10409981
List the prime factors of 386323499.
1231, 313829
List the prime factors of 69632943.
3, 23210981
List the prime factors of 39689426.
2, 7, 71, 39929
What are the prime factors of 686602572?
2, 3, 5869, 9749
What are the prime factors of 1190030895?
3, 5, 19, 1391849
List the prime factors of 2517125250.
2